ate the remainder when 4900555 is divided by 1633518.
1
Calculate the remainder when 18679 is divided by 2254.
647
Calculate the remainder when 1097226 is divided by 1701.
81
What is the remainder when 2314713 is divided by 52?
37
Calculate the remainder when 92839269 is divided by 230.
229
What is the remainder when 1771781 is divided by 3169?
310
Calculate the remainder when 4789579 is divided by 7246.
7219
Calculate the remainder when 48154024 is divided by 127.
69
What is the remainder when 700355 is divided by 700325?
30
What is the remainder when 15373457 is divided by 132?
77
What is the remainder when 54180 is divided by 12573?
3888
Calculate the remainder when 36686 is divided by 36368.
318
What is the remainder when 1319078 is divided by 741?
98
Calculate the remainder when 99309633 is divided by 1422.
1419
Calculate the remainder when 6345558 is divided by 260.
258
Calculate the remainder when 689 is divided by 660.
29
Calculate the remainder when 238444 is divided by 39682.
352
Calculate the remainder when 1324395 is divided by 1102.
893
What is the remainder when 31480 is divided by 350?
330
Calculate the remainder when 176123 is divided by 44030.
3
Calculate the remainder when 7196276 is divided by 2636.
2632
Calculate the remainder when 396372 is divided by 484.
460
What is the remainder when 1004761988 is divided by 19?
17
Calculate the remainder when 1706890 is divided by 268.
266
Calculate the remainder when 6140480 is divided by 1105.
1100
What is the remainder when 1561332 is divided by 520285?
477
What is the remainder when 106242961 is divided by 922?
901
What is the remainder when 217493 is divided by 16?
5
What is the remainder when 25443049 is divided by 85?
84
What is the remainder when 2323275 is divided by 1610?
45
Calculate the remainder when 3987603 is divided by 1684.
1575
What is the remainder when 124432748 is divided by 125?
123
Calculate the remainder when 121193 is divided by 1161.
449
Calculate the remainder when 240412 is divided by 577.
380
What is the remainder when 15940487 is divided by 514206?
101
Calculate the remainder when 1402237 is divided by 246.
37
Calculate the remainder when 1062939 is divided by 106293.
9
What is the remainder when 28697164 is divided by 14348572?
20
What is the remainder when 4831438 is divided by 22?
18
Calculate the remainder when 711075 is divided by 355530.
15
Calculate the remainder when 4152506 is divided by 1935.
1931
What is the remainder when 120367 is divided by 119656?
711
Calculate the remainder when 1049740 is divided by 139.
12
Calculate the remainder when 10410123 is divided by 8.
3
Calculate the remainder when 92544851 is divided by 458.
455
What is the remainder when 1420807 is divided by 418?
25
What is the remainder when 902549962 is divided by 11563?
11560
Calculate the remainder when 19340474 is divided by 5.
4
What is the remainder when 34205844 is divided by 2360?
4
What is the remainder when 869450 is divided by 434668?
114
What is the remainder when 6902 is divided by 2484?
1934
What is the remainder when 6390459 is divided by 187952?
91
Calculate the remainder when 12542767 is divided by 34.
31
What is the remainder when 70178271 is divided by 55215?
6
Calculate the remainder when 44473437 is divided by 228.
213
Calculate the remainder when 78669 is divided by 1228.
77
Calculate the remainder when 750160 is divided by 171.
154
What is the remainder when 243592 is divided by 1935?
1717
What is the remainder when 5360425 is divided by 378?
7
What is the remainder when 19739491 is divided by 9869739?
13
Calculate the remainder when 351477647 is divided by 25.
22
What is the remainder when 9597689 is divided by 3723?
3518
What is the remainder when 1525739 is divided by 136?
91
Calculate the remainder when 34656102 is divided by 5776016.
6
Calculate the remainder when 2471915 is divided by 617957.
87
Calculate the remainder when 12277401 is divided by 4092447.
60
Calculate the remainder when 646240 is divided by 8852.
44
What is the remainder when 3082870 is divided by 552?
502
Calculate the remainder when 5851 is divided by 2599.
653
What is the remainder when 58424923 is divided by 1209?
1207
What is the remainder when 19357368 is divided by 119?
114
What is the remainder when 2722 is divided by 1304?
114
What is the remainder when 94368122 is divided by 1342?
24
Calculate the remainder when 233694349 is divided by 29211791.
21
Calculate the remainder when 1136924 is divided by 284116.
460
Calculate the remainder when 826986 is divided by 206732.
58
What is the remainder when 2999886 is divided by 80?
46
What is the remainder when 214393 is divided by 13860?
6493
Calculate the remainder when 115192 is divided by 229.
5
What is the remainder when 581830 is divided by 560?
550
What is the remainder when 6446029 is divided by 75835?
54
Calculate the remainder when 48866 is divided by 1121.
663
Calculate the remainder when 237338970 is divided by 9.
6
Calculate the remainder when 156869 is divided by 1705.
9
Calculate the remainder when 950808 is divided by 436.
328
What is the remainder when 646029 is divided by 1889?
1880
What is the remainder when 1528087 is divided by 25468?
7
Calculate the remainder when 850175 is divided by 251.
38
Calculate the remainder when 204638 is divided by 102263.
112
What is the remainder when 5290408 is divided by 188943?
4
Calculate the remainder when 21095340 is divided by 843813.
15
What is the remainder when 14469754 is divided by 14?
12
Calculate the remainder when 1359496 is divided by 94.
68
Calculate the remainder when 5066337 is divided by 906.
891
Calculate the remainder when 2782443 is divided by 2848.
2795
What is the remainder when 3412887 is divided by 49462?
9
What is the remainder when 19412 is divided by 3133?
614
Calculate the remainder when 1236875 is divided by 54.
5
Calculate the remainder when 6216 is divided by 917.
714
Calculate the remainder when 21504490 is divided by 1089.
7
Calculate the remainder when 137763 is divided by 63502.
10759
Calculate the remainder when 31410388 is divided by 298.
294
Calculate the remainder when 256140 is divided by 127981.
178
What is the remainder when 40594 is divided by 40563?
31
Calculate the remainder when 5791653 is divided by 2647.
17
Calculate the remainder when 745545 is divided by 2597.
206
What is the remainder when 3937201 is divided by 506?
15
What is the remainder when 578681 is divided by 1420?
741
What is the remainder when 2781499 is divided by 60?
19
Calculate the remainder when 277583 is divided by 622.
171
Calculate the remainder when 260920 is divided by 3958.
3650
What is the remainder when 4151458 is divided by 50?
8
Calculate the remainder when 16212 is divided by 4317.
3261
What is the remainder when 189466 is divided by 2460?
46
Calculate the remainder when 356492 is divided by 137.
18
Calculate the remainder when 52994403 is divided by 92.
11
What is the remainder when 1371201 is divided by 458?
407
What is the remainder when 1605574 is divided by 1577?
188
What is the remainder when 105909 is divided by 1786?
535
Calculate the remainder when 91764 is divided by 45715.
334
Calculate the remainder when 2458712 is divided by 178.
176
What is the remainder when 177962 is divided by 88775?
412
Calculate the remainder when 4432055 is divided by 5973.
89
Calculate the remainder when 886424 is divided by 15024.
8
What is the remainder when 124082136 is divided by 140?
136
Calculate the remainder when 795196 is divided by 407.
325
Calculate the remainder when 18555987 is divided by 52418.
15
Calculate the remainder when 11353790 is divided by 306853.
229
Calculate the remainder when 64204237 is divided by 15.
7
What is the remainder when 3757297 is divided by 1420?
1397
What is the remainder when 4738811 is divided by 332?
175
What is the remainder when 44898270 is divided by 16?
14
What is the remainder when 119347 is divided by 413?
403
Calculate the remainder when 89813884 is divided by 4727046.
10
What is the remainder when 377568919 is divided by 10?
9
Calculate the remainder when 7155626 is divided by 3133.
2987
Calculate the remainder when 745776 is divided by 923.
915
What is the remainder when 1379257 is divided by 387?
376
What is 